**3 + 8*y**2 - 112*y - 3. Let u(z) = -z**2 + 9*z. Let g(c) = b(c) + 12*u(c). Calculate g(a).
0
Let b(y) = y**3 + 5*y**2 - 17*y - 22. Suppose 21 - 42 = 3*k + p, 3*k = -4*p - 21. Give b(k).
-1
Let p(z) = -2*z**2 + 7*z + 6. Let m(r) = r**2 - 3*r - 1. Suppose 9*k - 6 = 15*k. Let n(u) = k*p(u) - 4*m(u). Let b be 5*1 + -4 + 2. Determine n(b).
-5
Let p(x) = x**2 + 16*x + 60. Let c be p(-8). Let h(d) = -2*d**2 - 9*d - 13. Calculate h(c).
-9
Let w(v) = 1980 + 1979 - 3962 - v**3 + 4*v**2 - 3*v. Calculate w(3).
-3
Let p(x) = -x**2 - 98*x - 295. Let k be p(-3). Let i(w) = w**2 + 9*w - 5. Determine i(k).
5
Let r(n) be the first derivative of -n**6/360 - 7*n**5/120 + 5*n**4/24 - 38*n**3/3 - 5. Let a(u) be the third derivative of r(u). What is a(-5)?
15
Let i(x) be the second derivative of -x**4/12 - x**3 - x**2/2 + 662*x. Give i(-4).
7
Let q(p) be the first derivative of 3*p**2/2 + 3*p + 6. Let m(t) = 25*t - 128. Let z be m(5). Calculate q(z).
-6
Let n = -146 - -65. Let t = -78 - n. Let p be -2*(-20)/(-6)*t/4. Let q(k) = -2*k - 3. Calculate q(p).
7
Let w(v) = v - 8. Let k = 29597 - 29602. Give w(k).
-13
Let j be (-76)/(-10) + (-4)/(-10). Let n(g) be the third derivative of -g**4/24 - 7*g**3/3 + 102*g**2. Let h(i) = -1. Let k(v) = 5*h(v) - n(v). Calculate k(j).
17
Suppose 0 = 14*l - 10*l - 20. Suppose 0 = -l*k - 3*g + 20, -2*k = -5*k - 5*g + 28. Let v(n) be the second derivative of n**5/4 - n**4/12 + n. Give v(k).
4
Let c(a) be the third derivative of a**6/120 + a**5/10 - 2*a**4/3 + 7*a**3/6 + 36*a**2 - 141. What is c(-7)?
70
Suppose -4*p = 2*q - 6 - 14, -4*q - 15 = -3*p. Let y(a) = -13*a - 3. Let n(b) = -3 + 2*b - 2*b + 4 + 3*b. Let l(k) = -4*n(k) - y(k). Determine l(q).
-1
Let l(x) = x**2 - 23*x + 29. Let h be l(21). Let q = 19 + h. Let u(y) = -y - 3. Give u(q).
-9
Let z(o) = -o**3 + 6*o**2 + 18*o - 10. Let f be z(8). Suppose 8*x - 11*x - f = 0. Let c(p) = -p + 4*p**2 - 2 + p**3 + 4 - 3*p**2. Give c(x).
0
Let a(k) = 213 - 15*k - 9*k + 217 - 434 - 4*k. Give a(5).
-144
Let l(o) = -o + 2*o + 14*o**2 - 18*o**2. Let r be 4 + (4 - (-2 + 3)*9). Determine l(r).
-5
Let q be 2 - (-5 + (0 - (3 - 2))). Let i(r) = 4*r**2 - 8 - q + 30 - 9 + r**3. Let a(t) = -2*t**2 + 2*t. Let d be a(-1). Determine i(d).
5
Let t(v) be the first derivative of v**4/4 + 8*v**3/3 + 7*v**2/2 - 6*v - 152. Let y = -45 + 38. What is t(y)?
-6
Let a be 2 + (3 - 4) - 1/(-1). Let b(p) = p**a - 2*p - 5 - 2*p - 4*p + 9*p. Give b(-6).
25
Let m(b) = -b**2 - 5*b + 31. Let z = 4300 + -4292. Calculate m(z).
-73
Let w = -93 - -97. Let r(i) = -2*i + 5. Let t(o) = -6*o + 14. Let h(f) = -f**3 + 14*f**2 - 11. Let u be h(14). Let z(p) = u*r(p) + w*t(p). Calculate z(-3).
7
Suppose -5*x + 4*f = -8, -2*x + 4*x - f - 5 = 0. Let o be 4/(2 - (x + -5) - 1). Let r(w) be the second derivative of -w**4/4 + w**2/2 + 2*w. Give r(o).
-11
Let s = 1629 - 1637. Let k(d) = -13*d**2 - 27*d - 12. Let h(i) = -7*i**2 - 14*i - 6. Let g(w) = 11*h(w) - 6*k(w). What is g(s)?
6
Let b(h) = -4*h + 4. Suppose -9 + 534 = 75*k. Calculate b(k).
-24
Let i(o) = o**2 + 7*o + 8. Suppose 4*n + g = 22 - 58, 0 = 4*g. Let x be 32/12*n*7/42. Calculate i(x).
-4
Let a(r) = r**3 - 12*r**2 + 9*r + 13. Let i be (-17)/34 - (-3)/(-6)*-5. Suppose -30 = i*g - 52. Calculate a(g).
-9
Let j(i) = i**2 + 8*i + 2. Let r(k) be the third derivative of -k**4/24 + 25*k**3/6 - k**2 - 48. Let h be r(32). Calculate j(h).
-5
Suppose 12*p - 31 + 7 = 0. Let q(g) = 9*g**3 - 10*g**3 + 2 + 0*g**2 - p*g**2 - g**2. Calculate q(-4).
18
Let b be 0/(-7 + (-25)/(-5)). Let l(y) = 36*y + y**2 - 110*y - 20 + 38*y + 37*y. Determine l(b).
-20
Let i(n) = -11*n + 5 + 15 - n**2 - 5 + 2. Let d(w) = 53*w + 6295. Let x be d(-119). Calculate i(x).
5
Let f = 355 + -353. Let g(s) = 0*s + 13*s + 4 - 3*s + s**f - 7*s. Determine g(-6).
22
Let s(t) = 2365*t**3 + 12 - 2367*t**3 - 3*t**2 - 4 + 4*t. Determine s(-3).
23
Let s(t) = t**2 - 96 - 107 + 214 + t. Let q(o) = -o**2 + 5*o. Let l be (-4)/(-18) + (-86)/(-18). Let j be q(l). Give s(j).
11
Suppose 14*u + 3*u + 30 = 7*u. Let n(g) be the second derivative of 0 - g - 5/6*g**3 - 1/12*g**4 + 3/2*g**2. Calculate n(u).
9
Let m(w) = -w - 6. Let q(k) = -8*k - 16. Let v be q(-5). Let a be (20/v)/(3/36). What is m(a)?
-16
Suppose 3*m - 4*m + 12 = 0. Suppose 0 = s - m + 4. Let t(y) = s - y - 4*y + 4*y. What is t(6)?
2
Suppose 335 - 332 = 3*o. Let p(h) = -9*h + h - o - 9*h - 7*h. Give p(-1).
23
Let a(b) = 13*b - 9. Let u(f) = -7*f + 5. Let k(n) = -4*a(n) - 7*u(n). Let y = 831 + -829. Suppose 0 = y*j + 2*g - 20, g = -5*j + 6*g. Give k(j).
-14
Let m(o) be the second derivative of -7*o**3/6 + 84*o**2 - 1485*o. Give m(21).
21
Suppose -3*p + 4*x = 25, 231*p + 4*x = 228*p + 7. Let i(c) = -26*c - 83. Determine i(p).
-5
Let v(i) = 4*i**2 - 3*i - 28. Let g be v(3). Suppose 0*p = -5*p - 35. Let h(d) = 6*d + 6. Let y(z) = -7*z - 5. Let n(t) = p*y(t) - 6*h(t). Give n(g).
-14
Let j(m) = m**3 - 11*m**2 + 10*m - 4. Let z be (8/(-6) - (-21)/9) + 75. Let v be ((-5)/3)/(z/(-24) - -3). Calculate j(v).
-4
Let a(k) = 3*k**3 - 3*k**2 + 2*k - 3. Let f(s) = -8*s + 58. Suppose -31 = 5*j + 3*l - 81, 2*j - 5*l + 11 = 0. Let p be f(j). Determine a(p).
13
Let s(l) be the first derivative of 1/6*l**3 + 1/4*l**4 + 11*l + 2*l**2 + 1/20*l**5 - 14. Let w(m) be the first derivative of s(m). Determine w(-3).
1
Let m(u) = u**2 + 21*u - 27. Let s = 2381 + -2403. Give m(s).
-5
Let a(h) = 75*h + 28. Let u(i) = 103*i + 27. Let b(k) = 4*a(k) - 3*u(k). Give b(13).
-86
Let p(c) = c**2 - 4*c. Let b = 35 - 30. Suppose -3*m + 7*m - 3*h = 21, 0 = -5*h - 15. Suppose -m*s + 14 = -0*v - v, -b*s - 5*v = 10. Give p(s).
-3
Let b(i) = i**3 - 3*i**2 - 2*i. Let c be (-7*(-2 - -1))/(-1). Let j(t) = -3*t + 87 + 82 - 252 + 2*t + 80. Let q be j(c). Determine b(q).
8
Let d(p) = p**3 - 5*p**2 + p - 7. Let l be (4 - 4 - -2)*(-135)/(-54). Determine d(l).
-2
Let i(f) be the third derivative of -f**5/60 - f**4/24 - 213*f**2 + 19*f. Give i(7).
-56
Let h = 8966 + -8960. Let b(j) = j + 17. Determine b(h).
23
Suppose 0 = -z - 5*h - 30, 2*z - h - h = 0. Suppose -24 = -4*n - 5*o, -2*o + 3*o + 4 = 0. Let f(w) = 5 + w - n + 0 + 3. What is f(z)?
-8
Let l(f) = -f - 6. Suppose -38 = 7*k + 74. Let w be l(k). Let y(x) = -16*x - 2*x**2 + 1 + 4*x - 5*x**3 + w*x + 4*x**3. What is y(-2)?
5
Let j(r) = r**3 + 5*r**2 + 6*r - 4. Let q = 2516 + -2520. What is j(q)?
-12
Suppose -3*s - 4 = -2*b, -s - 5*b + 13 = 3. Let y(h) = -5 - 5*h**2 - h**3 - 2*h - h**2 + s*h**3 + 2*h**2. What is y(-4)?
3
Suppose -5*a + 7 = -3. Suppose 216*p + 1 = 218*p + b, -p + b + 8 = 0. Let k(f) = -3*f - 2 + 3*f + p*f**a + 2*f. Determine k(-2).
6
Let z be ((-15)/(-4))/((-2)/8). Let b = z - -22. Let y(f) = f**2 - 23*f + 3. Let q(v) = 2*v**2 - 43*v + 5. Let t(c) = 6*q(c) - 11*y(c). What is t(b)?
11
Let s(a) = -a**3 - 3*a**2 + 3*a - 4. Let c = 36 - 34. Suppose -m + 5*d + 8 = 7*d, -2*d + 6 = c*m. Let l be (m/4)/((-3)/(-96)*4). What is s(l)?
0
Let s(n) be the third derivative of n**6/30 + n**5/60 + 7*n**3/2 + 7871*n**2. Give s(-4).
-219
Let h be (-30)/(-9)*-3*(-77)/14. Let i = -51 + h. Let t(p) = p**2 - 8*p - 4. Calculate t(i).
-20
Let g(n) = 9*n**3 - 21*n**2 + 5*n - 5. Let w be ((-6 - 1) + 10)/((-6)/(-4)). Calculate g(w).
-7
Suppose -2*l - 5*q = -q + 30, 4*l - 4*q + 12 = 0. Let m(p) = -61*p**3 - 1 + 60*p**3 - 7*p**2 + p + 2 - 3*p + 1. What is m(l)?
16
Let o(w) = -353 - 351 + 703. Let v(l) = -l**2 + 4*l - 2. Let d(x) = -4*o(x) - v(x). Give d(4).
6
Suppose -5*t + 113 = -337. Let g = -93 + t. Let x be (1 - 0)*(-4 + -1 - g). Let w(n) = n**2 - n + 2. Calculate w(x).
8
Let i(c) = 26*c - 12. Let n = -12603 + 12600. Determine i(n).
-90
Let l(f) = f**2 + 10*f + 5. Let d(w) = w**2 + 20*w + 9. Let h(i) = 4*d(i) - 7*l(i). Let q be h(3). Let k(u) = 0*u - 34 + 12 - 3*u + q*u. Give k(0).
-22
Suppose 6*c = 8*c - 4. Let l(f) = -4 + 3 + f - c. Suppose 4*z + 28 = -3*m, 5*z = m + 4*m. Calculate l(m).
-7
Suppose -3*j + 104 = -7*m, 3*m + 24 = 2*j - 22. Let f(g) = g + 33. Give f(m).
19
Suppose -2*u = -7*u - 4*b + 137, 5*u - 135 = -5*b. Suppose 17 = u*s - 12. Let x(f) = -f**2 - f + 1. Give x(s).
-1
Suppose -w + 2*c + 16 = 2*w, -c - 5 = -w. Let y be ((-9)/7)/(-1) + 62/(-217). Let p(b) = y + w + b**2 + 6. What is p(0)?
13
Let s = -1291/3 - -51641/120. Let t(w) be the third derivative of 0 - 1/2*w**3 + 0*w*